4*s, -3*s + 11 = q. Is (-594 - q)*(11 - 12) a composite number?
False
Let s(b) = 0 + 8 - 21*b**3 + 22*b**3 + b**2. Is s(5) composite?
True
Let h = 38 - -122. Suppose 2*t - 4*t + 66 = 0. Suppose -b + h - t = 0. Is b composite?
False
Suppose -1 = 3*y - 10. Suppose -886 = -4*o - 0*h - h, y*h = -3*o + 669. Suppose 0 = -l + b + o, -3*b = 3*l + 2*l - 1121. Is l a composite number?
False
Suppose 22*v - 17*v = 32335. Is v a composite number?
True
Let d(c) = -c**2 - 4*c + 3. Let j be d(-4). Suppose j*y = -2*f - 53, 57 = -3*y + 2*f - 5*f. Let w = 1136 - y. Is w composite?
False
Suppose -w - 14 = -16. Suppose w*q - 417 = 3*p, 0 = -5*q + 4*p - 2*p + 1059. Is q a composite number?
True
Suppose -2*s - 3*s - 150 = 0. Let v = s - -29. Is (v + -12)/((-4)/12) a prime number?
False
Suppose 0 = -2*k + 4*l + 7950, 0 = 3*k - 0*l + 4*l - 11885. Is k composite?
False
Let m = -353 + 83. Let g = 427 + m. Is g a prime number?
True
Is -2*12813/12*(1 + -3) a composite number?
False
Suppose -3*a - 81729 = -413256. Is a prime?
False
Let z(v) = 31*v**2 + 2*v - 5. Let f be z(3). Suppose -5*k = -k + f. Let u = k + 125. Is u prime?
False
Suppose 4*j - 4 = 4*z + 28, -4*z - j = 37. Is (2110/(-6))/(z/27) prime?
False
Let s = -17 - -24. Let y = s - 5. Suppose w + 2*w = -4*i + 149, w + y*i = 51. Is w a prime number?
True
Let l be 0*4/16*1. Suppose l = -c - f + 438, -4*c + 446 + 1303 = 3*f. Let s = 988 - c. Is s a composite number?
True
Let k be ((-112)/6)/(2 + 1587/(-792)). Let h = k - 3462. Is h prime?
False
Suppose -2*a = -3*x - 2771, 291 = -4*x - 3*a - 3432. Let p = 1268 - x. Is p a composite number?
True
Suppose -198707 = -59*z + 26496. Is z prime?
False
Is ((-2638)/2)/((-4)/4) a composite number?
False
Suppose 2*z - 3*z = m - 5, -1 = m - z. Is (3624 + 6)/m + (-4)/1 prime?
True
Let u = -87 - -48. Let w = 88 - u. Is w composite?
False
Let n be (3 - 1)*6/4. Let s(p) = 14*p + 9. Let h(x) = -41*x - 30. Let v(u) = 2*h(u) + 7*s(u). Is v(n) composite?
True
Is -382*((-119)/14)/(0 - -1) a composite number?
True
Suppose 4*q = 23*q - 63517. Is q composite?
False
Is 120105/99 - 4/22 prime?
True
Let x(w) = -124*w + 1 - 25*w + 41*w. Let i = 4 - 5. Is x(i) composite?
False
Let x(w) = 66*w - 1. Let v(q) = -q - 6. Let m be v(-7). Let a be 12/(-12) + 3*m. Is x(a) a prime number?
True
Let j = 11118 + 13285. Is j prime?
False
Is 8/(-48)*6 + 737 + 1 composite?
True
Let g(n) = -n**3 + 2*n**2 + 9*n + 2. Let i be g(4). Suppose -1107 = -i*v + 39. Is v a prime number?
True
Let s(v) = -9*v**2. Let i be s(-1). Let b = -7 - i. Suppose -167 = -2*q - t - 51, 5*q = -b*t + 291. Is q composite?
False
Let r(u) = -5*u**3 + 3*u**2 + 3*u - 2. Let c be r(-3). Suppose 53 = i + c. Is -1 - (-3 + 4)*i prime?
True
Let b = 1507 - 1039. Suppose 4*x - k - 1319 = 0, 5*k + b + 831 = 4*x. Is x a prime number?
True
Let c = 15747 - 10310. Is c a composite number?
False
Let q = 4 - 7. Let i(f) = f**3 + f**2 - 4*f. Let w be i(q). Is -1*267/(w/2) a composite number?
False
Let x be (-1)/(-3 + 2) - -2. Suppose o + 8 = 3*r, -2*o + 11 = 2*r + x. Is ((-37)/2)/(r/(-78)) a composite number?
True
Let a(j) = -17*j**3 + 3*j**2 - 18*j - 17. Is a(-9) prime?
True
Suppose -7*l - 5*p = -4*l - 305026, -3*p = 4*l - 406683. Is l a prime number?
False
Suppose 0 = -2*p - 6, -27*p = -3*o - 32*p + 747. Is o a prime number?
False
Is (-2)/10*1 + 31132/10 a composite number?
True
Suppose 0 = o - 9 - 3. Let v = -8 + o. Is 7/v*(6 + 70) composite?
True
Let j = -500 - -295. Let o = 587 - -49. Let r = j + o. Is r composite?
False
Let t = 20 + -6. Let u be -61 - ((-6)/2)/3. Let m = t - u. Is m a composite number?
True
Suppose -3*s = -f + 2752, 5*s = -46*f + 47*f - 2746. Is f prime?
False
Let x(l) = l**2 + 1. Let u(y) = 4*y - 9. Let h(w) = u(w) + x(w). Let q be h(7). Suppose 0 = 3*s - c - 272, 2*c - q = -s - 2*c. Is s composite?
False
Suppose 0 = d - 8442 - 11875. Is d a prime number?
False
Let u(w) = -80 + 55 + 144*w + 130*w. Is u(5) a composite number?
True
Let v = 15 - 11. Suppose v*k - 908 = 872. Is k a composite number?
True
Let q(x) be the first derivative of x**3/3 + 6*x**2 + 5*x - 1. Let j be q(-11). Is (-308)/(-10)*(-15)/j prime?
False
Let q(h) = -h**3 - h**2 + h. Let i(p) = -29*p**3 - 2*p**2 + 10*p - 3. Let g(s) = i(s) - 5*q(s). Is g(-4) a composite number?
True
Let h be (20/6)/((3/(-9))/(-1)). Let f(d) = 9*d**2 + 19*d - 17. Is f(h) a composite number?
True
Let f be 4/(-8)*-2 + 4. Suppose -4*w - 6*y + f = -y, 3*w - 5*y = 30. Suppose 368 + 342 = w*c. Is c a prime number?
False
Let j(n) = 39*n**3 + 2*n**2 - n + 1. Suppose 1 = -b + 3. Suppose -4*x = -4*u - 20, 5*u + b = -4*x - 5. Is j(x) prime?
False
Let l(j) = 2*j**2 - 28*j + 37. Suppose -3*q + 103 = 28. Is l(q) prime?
True
Suppose -13*m = -5*m - 2456. Is m a prime number?
True
Suppose -9 = -2*h - a + 6*a, 3*h - 2 = -4*a. Suppose -3*x + 1535 = -h*x. Is x prime?
False
Let n(h) be the third derivative of 0*h + 3*h**2 + 1/6*h**3 + 0 - 13/24*h**4. Is n(-9) prime?
False
Suppose -3*i + 17733 - 996 = 0. Is i a composite number?
True
Let i(n) = -n - 4. Let r be i(-6). Suppose 4*a + 12 = -r*a. Let m(q) = 73*q**2 + 5*q + 5. Is m(a) composite?
True
Suppose -15540 = -2*i - 2*l, 2*i - 4*i = -2*l - 15520. Is i prime?
False
Let b be (-8743)/2*(-88)/154. Suppose -6*o + 8*o = b. Is o a prime number?
True
Let t = 103 + -117. Suppose 0 = -q - 3*q + 56. Is (-2)/t - (-5192)/q prime?
False
Suppose -5*y - 11 = 3*k - 0, -5 = -y + 3*k. Is -4 + y + 6 - (-1 - 1731) a composite number?
False
Suppose 5*h = 11 - 1. Suppose -j - 3*d + 15 = 0, -2*j - j - h*d = -10. Suppose -2*w + 35 = -j*q + q, 78 = 2*q + 2*w. Is q a prime number?
True
Suppose -3*p - 2*p = 480. Is (103/4)/((-24)/p) composite?
False
Let x(a) = 450*a + 3. Let l(n) = 3*n - 20. Let p be l(7). Is x(p) composite?
True
Let b(a) = 366*a + 9. Let r be b(4). Let w = r - 1036. Is w a composite number?
True
Let w = 333 - -1077. Let s = w + -931. Is s composite?
False
Let o(z) = 2*z + 149. Let m be 21/(-14)*56/(-6). Suppose m*a = 10*a. Is o(a) a composite number?
False
Suppose 194006 = 8*i - 108018. Is i prime?
False
Suppose -2*v + 19 - 7 = -2*j, -3*j = 2*v + 13. Is (-3 - -8)*(-1481)/j prime?
True
Let j(k) = k**3 + 4 + 0*k + 50*k**2 - 42*k**2 + 2*k. Is j(-5) a prime number?
False
Suppose 5*t - 4*h = 7937, -4*h + 1107 = t - 466. Suppose 0 = 68*x - 63*x - t. Is x a prime number?
True
Let r(k) = -2*k**3 - 8*k**2 - 8*k + 13. Suppose 45 = -13*j + 8*j. Is r(j) prime?
False
Let h = 2574 - 1798. Suppose -t - h = -3781. Is t a composite number?
True
Suppose -m = -5*f + 35, 7*m - 4*f = 3*m - 60. Let v = m - -10. Suppose 447 = 5*h + 3*d - 5*d, v = -h - 2*d + 99. Is h a prime number?
False
Suppose -3*c + 0*w = w - 371, -3*w = c - 137. Let o be 2/(-2)*-4 + 0/1. Suppose -3*k - k = -n + 30, 3*n - o*k - c = 0. Is n a composite number?
True
Let n be 1*2/16 - 238/112. Is (-14)/63 - (26574/(-27) - n) prime?
False
Let t(u) = -156*u - 9. Let x be t(-6). Let j = x - -1202. Is j prime?
True
Suppose -2306 = -g - 454. Suppose 13*c - 17*c = -g. Is c prime?
True
Suppose 4*n + 2*j = 4470, -3*n + 138 = 4*j - 3217. Is n a composite number?
False
Suppose 17*v = 22*v - 10. Let l(t) = -130*t**3 + t**2 + 3*t - 3. Let y be l(v). Let j = 1620 + y. Is j composite?
False
Suppose g - 7*z - 40938 = -3*z, 3*z = -5*g + 204782. Is g prime?
False
Let j = -18 - -28. Let c = j + 195. Is c prime?
False
Is (-4)/14 + (-2)/(70/(-157545)) a prime number?
False
Suppose 0 = -87*u - 61068 + 290139. Is u a composite number?
False
Let q(s) = -s**2 + 10*s + 3. Let t be q(10). Suppose k = -3*o + 3*k + 239, 0 = -t*o + 3*k + 243. Is o a composite number?
True
Suppose -4*y + 3771 = 5*y. Is y prime?
True
Suppose 0 = c - 3, 3 = -0*v - 4*v + c. Let z be (3/(-6) - v)*-6. Suppose -67 = z*t - 232. Is t prime?
False
Let a(j) = 13*j - 5. Let v be a(10). Suppose 1955 = 3*k + v. Is k/3 + 6/(-18) composite?
True
Suppose 3*p - 20 = c, 0*c = c + p. Is ((2 - 6) + -1)*443/c prime?
True
Let i(v) = v**2 - 4*v - 2. Let f be i(4). Let x be 3 + -31 - f/(-2). Let b = 126 + x. Is b composite?
False
Let i(j) be the second derivative of j**4/12 - 3*j**3/2 + 7*j**2/2 - 2*j. Let g = -121 + 113. Is i(g) a composite number?
True
Let g(p) = 147*p**3 - 17*p + 5. Is g(5) a composite number?
True
Suppose 0 = 8*o + 73*o - 2025567. Is o composite?
True
Let p(k) = -k**2 - 